) = -g**3 + 7*g**2 - 9*g + 12. Give m(h).
-6
Let u = 56 - 47. Let i(n) = -3 + u*n - 9*n + n. Calculate i(6).
3
Let p(l) = -3*l + 4 - 5*l + 7*l. Let s(v) = v + 14. Let j be s(-12). Suppose 2*d = -0*d + w - 8, -j = -w. Determine p(d).
7
Let j(q) = 5*q**2 - 7*q + 4. Let d(p) = -p**2 - p + 1. Let w(b) = 4*d(b) + j(b). Determine w(9).
-10
Let r(v) be the third derivative of -v**5/12 + v**4/12 + v**3/6 + 4*v**2 + 10*v. Determine r(-1).
-6
Let g(y) = -y**2 - 8*y. Let w(j) = -j**2 - 7*j. Let z(m) = 2*g(m) - 3*w(m). Let x be z(-5). Suppose 3*k + 4 + 2 = x. Let l(s) = s**3 + 5*s**2 + 3*s. Give l(k).
6
Let u(l) = l**3 + 19*l**2 - 42*l - 7. Let j = 1856 - 1877. What is u(j)?
-7
Let f(c) = -4*c**2 + 34*c + 14. Suppose -5*s + 153*m = 156*m - 36, -s = -3*m - 18. Give f(s).
-4
Let f(z) = z**3 + 5*z**2 - 11. Suppose -45 = 5*o - 0*o - 4*i, 0 = 2*o + 3*i - 5. Give f(o).
-11
Let j(p) = 4*p + 10. Let t(l) be the second derivative of -l**3/6 - 3*l**2/2 - 5*l. Let c(u) = 2*j(u) + 7*t(u). Give c(-4).
-5
Let t be (-3)/(3 - (-27)/(-6)). Let l(a) = -4*a**3 + 3*a**2 - 4*a + 2. Let n(j) = -j**3 - j. Let v(q) = t*n(q) - l(q). Let h = -6 + 8. Determine v(h).
6
Let y = 59 + -57. Let i(b) = -1 - 2*b - 19 + 19 - 6*b**3 - y*b**2. Suppose -2*q + 3*v - 2*v = 3, 4*q + 4*v = 0. Give i(q).
5
Let z(l) = -l - 2*l - 95 + 196 - 100. Let s(q) = q - 6. Let n be s(5). Calculate z(n).
4
Let w(q) be the first derivative of -7*q**2/2 + q - 59. Let x be (3 - 1)*2/4. Determine w(x).
-6
Let g(r) = 2*r**3 - 6*r**2 + 4*r - 2. Let q be (-119)/(-17) - (3 + 1). Give g(q).
10
Suppose 0 = 498*w - 499*w + 3. Suppose 3 + 0 = 3*z. Let c(g) = -g - 1 + z. Give c(w).
-3
Let t(d) be the first derivative of d**3/3 + 9*d**2/2 - 7*d - 6. Let k be 6/((2 + 2)/(-5 - 1)). What is t(k)?
-7
Let g be (6/(-2))/((-60)/40). Let y(h) = 4*h**2 - 3*h. What is y(g)?
10
Let h(y) = 4*y - 3*y - 9 + 3. Suppose 0 = -5*i - 4*c + 50, 3*i + c = 7 + 16. Give h(i).
0
Let b = 143 + -136. Let y(g) = -g**3 + 6*g**2 + 7*g + 7. Determine y(b).
7
Let m(z) = -6*z - 2. Let a(k) = -k + 26. Let w be a(5). Suppose 2*u = 5*u + 57. Let j = w + u. Calculate m(j).
-14
Let u(h) = 19*h - 1. Suppose 6*o + 12 = 6. Calculate u(o).
-20
Let p be 142/12 - (7 + 86/(-12)). Let m(k) = -k**2 + 13*k - 12. Determine m(p).
0
Let z = 515 - 514. Let a(h) = 8*h**3 + 1. Give a(z).
9
Let x(p) = p**2 - 9*p + 5. Suppose -4*g + 9 = s, -4*s = 4*g + s - 29. Let u be (7/(-1))/((-1)/g). Determine x(u).
-9
Suppose 0*y - 4 = 3*y + a, 0 = 3*a + 12. Let f(d) = 3*d**2 - 3*d + 8. Let t(r) = r**2 - r + 3. Let m(i) = 3*f(i) - 8*t(i). Determine m(y).
0
Let w = -224 - -226. Let i(g) = 14*g. Give i(w).
28
Let a(c) = -c**2 + 7*c - 7. Let i = 27 + -11. Let f = -14 + i. Suppose -f - 18 = -4*n. Give a(n).
3
Let z(d) be the third derivative of -d**5/60 - 23*d**3/6 - 2*d**2 - 6*d. Give z(0).
-23
Suppose 12 = -4*t + 3*y + 84, 88 = 4*t + y. Let i = t + -26. Let c(o) = 7*o - 12. Let z(x) = -11*x + 18. Let l(m) = i*z(m) - 8*c(m). Give l(0).
6
Let t(g) = -2*g**3 - 3*g**2 - g - 2. Suppose -4 = -0*q - q. Suppose -q*z = z - 25. Suppose 5*i = -z - 5. What is t(i)?
4
Let l(i) = 7703*i - 4 - i**2 - 7699*i + 2*i**2. Give l(-6).
8
Let n(d) = d**2 + d + 0 - 1 + 5. Let i be n(-2). Let j(z) = z**2 - 4*z - 6. Determine j(i).
6
Let z(c) = -13 - 26*c + 46*c + 3 - 32*c - c**2 - 7. What is z(-9)?
10
Let t(x) = -5*x**2 - 4*x + 1. Let s(b) = -6*b**2 - 4*b + 2. Let r(z) = -3*s(z) + 4*t(z). Let n(k) = -3*k**2 - 2*k - 1. Let j be n(-1). Calculate r(j).
-2
Let f(p) = -p**2 + 14*p - 9. Let g(z) be the third derivative of z**5/60 - 13*z**4/24 + 5*z**3/3 + 17*z**2. Let a(n) = 2*f(n) + 3*g(n). Calculate a(10).
2
Let z(r) be the third derivative of -r**4/24 - 11*r**3/6 - 2*r**2 + 30*r. What is z(-12)?
1
Let t(m) = -3*m**3 - 4*m**2 - 4*m + 3. Let x(i) = -4*i**3 - 3*i**2 - 3*i + 6. Let v(k) = -3*t(k) + 2*x(k). Calculate v(-6).
-33
Suppose -9*m + 10*m - 5 = 0. Suppose -m*w + 16 = 11. Let f(c) = -9*c**2 - 1. What is f(w)?
-10
Let v(b) = 24 - 24 - 259*b + 258*b. Let c(l) = l**2 - 7*l + 2. Let t be c(4). Let y be (-5)/(t/4)*1. Calculate v(y).
-2
Let w = 49 + -47. Let c(g) = -g + 2 + 3*g**w - 2*g**2 + 5*g**2 - 3. Determine c(-1).
6
Let z(g) = 33*g - 20. Let p(a) = -42*a + 19. Let t(m) = -3*p(m) - 4*z(m). Determine t(5).
-7
Suppose 4*w = -2*z + 45 + 5, 3*w = -2*z + 37. Let n(j) = -j**3 + 12*j**2 + 11*j + 27. Let c be n(w). Let h(d) = -5*d + 1. Give h(c).
-4
Suppose 2*u + 18 = -2*u - 2*f, u + 22 = -4*f. Let g(i) = -3*i - 2. Give g(u).
4
Let n(x) = 25*x**2 + 10*x + 6. Suppose -44 = -z - 3*z. Let u(m) = 5*m**2 + 2*m + 1. Let i(p) = z*u(p) - 2*n(p). Calculate i(1).
6
Suppose -4*g - 17 + 121 = 0. Suppose 3*d - 17 = -g. Let y(l) = -l**2 - 1. Determine y(d).
-10
Let o(z) = 3*z**3 + 11*z**2 - 5*z - 12. Let k(y) = 2*y**3 + 10*y**2 - 5*y - 10. Let g(f) = -4*k(f) + 3*o(f). What is g(4)?
-24
Suppose -2*m + 2 = 2*g + 4, 5*m - 45 = 5*g. Let r(h) = -h + 4. Calculate r(g).
9
Let v be 8 + 3 + (0 - -5). Let c(q) = q**3 - 16*q**2 + 2*q - 24. What is c(v)?
8
Let v(x) be the second derivative of -1/2*x**2 - 4*x - 7/3*x**3 + 0. What is v(1)?
-15
Let g(v) = 11*v + 21. Let t(k) = 4*k + 7. Let l(a) = -3*g(a) + 8*t(a). Let h(w) = -w - 15. Let i be h(-15). Let f be (-4)/1 + (0 - i). Calculate l(f).
-3
Let k(r) = -r**3 - 5*r**2 - 5*r - 2. Let v be -3*((-16)/(-12) - 0). Let s be k(v). Let t(a) = 69*a**2 + 0*a - 2 - 70*a**s - 2*a. Calculate t(-3).
-5
Let k(l) be the second derivative of l**5/20 - l**4/6 + l**3/6 - l**2/2 + 3*l - 99. What is k(2)?
1
Let q(j) = -j**2 - 15*j - 52. Let z be q(-6). Let c(b) = 2*b**3 - 3*b**2 + 2. Calculate c(z).
6
Let t(b) = b - 10. Let p(z) = 2*z - 21. Let d(w) = 4*p(w) - 10*t(w). Let y be d(8). Let j(f) = -f + 6. What is j(y)?
6
Let j(v) = 5*v**2 - 2*v - 4. Let h(g) = -14*g**2 + 7*g + 11. Suppose -r = 3*r + 2*p + 10, -5*p + 5 = 0. Let k(n) = r*h(n) - 8*j(n). Determine k(4).
11
Let z(b) = -b - 1. Let d = 1241 - 1247. Calculate z(d).
5
Let r(b) = -b - 7. Suppose -50 + 210 = -5*c. Let x = c + 26. Give r(x).
-1
Suppose -5*s - 6 = -3*y + 8, 5*s = 25. Let g(r) = -14*r + 2 + y*r - 16. Give g(-6).
-8
Let n(b) = b**3 - b**2 - 4*b + 102. Let y be n(0). Let m be (0 - -3)*(y/(-18) - -5). Let z(f) = f**3 + 4*f**2 + 4*f + 3. Give z(m).
3
Let t(u) = 4*u**2 - 70. Let l(f) = 3*f**2 + 2*f - 55. Let m(d) = 5*l(d) - 4*t(d). Suppose 5*x + 0*x = 50. Calculate m(x).
5
Let p = 7 - 5. Suppose 0 = 5*x - p*f - 21, f = -5*x + 4*f + 24. Let u(k) = -k + 3*k + 0*k - x. Determine u(2).
1
Let k(x) be the third derivative of x**6/60 - x**5/15 + x**4/24 + x**3/3 - 2*x**2. Let h(i) = -2*i - 4. Let a be h(4). Let r = 14 + a. What is k(r)?
4
Let b(o) = 2*o - 13. Let u(h) = -5*h + 30. Let y(x) = -7*b(x) - 3*u(x). Determine y(-2).
-1
Let l(h) = h**2 - 3*h + 6. Let n be l(3). Suppose -4*o + 4*b + 15 = -13, -13 = -2*o + 3*b. Let u(k) = o - 2*k - 8 + 1. What is u(n)?
-11
Let i(x) = 93*x + 8 + 96*x - 188*x. What is i(-12)?
-4
Let v(z) = z - 11. Let a(x) be the first derivative of x**4/4 + 17*x**3/3 + 17*x**2/2 + 21*x - 6. Let b be a(-16). Suppose b*y - 29 = -4. What is v(y)?
-6
Let f be (-7 - -3)*4*(-20)/64. Let j(y) = 5*y - 21. Determine j(f).
4
Let s(l) be the second derivative of -l**4/12 + 2*l**3 + 7*l**2/2 - 48*l. Give s(13).
-6
Suppose 14*l - 13*l = 3. Let b(v) = -l*v + v**2 - 2*v - 2 + 2*v + v. Determine b(3).
1
Let o(k) = 9*k. Let p be 3 + ((-2)/(-6))/(2/(-42)). Determine o(p).
-36
Let j(b) = -2 + 3*b**2 + 1 - 4*b**2 + 0*b**2 + 3*b. Determine j(3).
-1
Let w(y) = -37*y**3 - y**2 + y - 1. Let z = -214 + 215. Give w(z).
-38
Let u(g) = -4*g**3 + g**2 - 9*g - 9. Let a(q) = 7*q**3 - 5*q**2 + 18*q + 19. Let s(b) = -3*a(b) - 5*u(b). Give s(9).
-12
Let a = 16 + -12. Suppose 4*p + 23 = 5*p + 5*t, a*p + 5*t = 17. Let x(y) = y**2 + 4*y + 2. Determine x(p).
-2
Suppose 20*k - 65 = 15. Let w(v) = 3*v + 13. Let s(q) = q + 6. Let z(d) = 5*s(d) - 2*w(d). Give z(k).
0
Let l(w) = -2*w + 16*w**2 - 4 + 5 + 2*w**3 - 5 - 6*w**2. Let i be l(-5). Let q(h) = -5*h + 3*h**3 - 2*h + 7*h**2 - 4*h**3. Give q(i).
-6
Let x(d) = 3*d - 18. Let y(p) = 4*p - 37. Let f(s) = -5*x(s) + 3*y(s). Calculate f(-7).
0
Let z(p) = p - 1. Let b be 4/(-6) + 40/6. Determine z(b).
5
Let w(g) = -2*g + 19. Let j(s) = -s + 9. Suppose 1 = o + 5. Let a(v) = o*w(v) + 9*j(v). Determine a(6).
-1
Let i(v) be the third deri